) = 3*s**3 - 2*s**2 - s. Suppose v - 4 = 2. Suppose -4*x + d + 8 = 4*d, 3*x - d = v. Determine y(x).
14
Let m(r) be the second derivative of r**5/20 - r**4/2 - r**3/2 + 326*r. Calculate m(5).
-40
Let s(b) = b**3. Suppose 4*m = 7*m - 21. Suppose 5*x + 9 = 3*r - m*r, 1 = -x. Let u be s(r). Let a(d) = -3*d**2. Determine a(u).
-3
Let g(t) = -5*t**3 - t**2 - 8*t + 1. Let o(v) = -16*v**3 - 5*v**2 - 28*v + 2. Let s(d) = -7*g(d) + 2*o(d). Calculate s(3).
51
Let p be -60 - -53 - (0 - (3 - 2)). Let t(n) be the third derivative of -n**6/120 - 7*n**5/60 - n**4/4 + n**3/3 - n**2. Give t(p).
2
Let k(s) be the first derivative of s**2/2 - 8*s - 4. Determine k(13).
5
Let b = 0 + 2. Let p(z) = 108*z - z**2 - 111*z + b + 0*z**2. What is p(-2)?
4
Let o(h) be the third derivative of 1/8*h**4 + 0 + 1/120*h**6 + 1/3*h**3 - 2*h**2 + 1/12*h**5 + 0*h. Determine o(-3).
11
Let m(v) be the third derivative of v**5/60 - v**3 - 12*v**2. Let q be m(-3). Let o(j) = -j**2 - 3. What is o(q)?
-12
Let x(p) = -49 + 100 - p - 48. Determine x(-5).
8
Let x(r) = r**3 - 7. Let y(v) = -9*v**2 - 31*v + 48. Let g(s) = -5*s**2 - 15*s + 24. Let c(u) = -7*g(u) + 4*y(u). Let f be c(-20). Suppose 0*w = f*w. Give x(w).
-7
Let t(j) = j**3 + 8*j**2 + 8*j + 15. Let l(y) = y**2 + 18*y + 70. Let m be l(-7). Give t(m).
8
Let i(l) = 3 - l**2 + 2892*l**3 - 2886*l**3 + l**2 - 3*l. Give i(1).
6
Let y(t) = -65 - 53 + 118 + t. Give y(0).
0
Let v(y) be the first derivative of -y**3/3 + y**2 - 3*y + 77. Calculate v(2).
-3
Let q be (-1 - (-1)/2)*-4. Let z(l) = -2*l**3 + 7*l**2 - 9. Let i(w) = 2*w**3 - 6*w**2 + 7. Let b(j) = -5*i(j) - 4*z(j). Give b(q).
-7
Let j(c) = c**3 - 5*c**2 + c - 1. Let q(k) = -11*k - 3. Let m be q(6). Let r = 72 + m. What is j(r)?
-16
Suppose 10*l = 15*l - 10. Let f be 6 + (5 - l) + -6. Let p(b) = -5*b**2 + 6*b**2 - f - 2*b - 2*b + 3*b. Determine p(4).
9
Let y(h) be the second derivative of h**5/20 - 5*h**4/12 + 7*h**2/2 - 1291*h. Let v = -9 - -14. Give y(v).
7
Let z(d) = d + 8. Let l(s) = s**2 + 17*s + 47. Let q be l(-13). Calculate z(q).
3
Let o be 2/(-5) - (-2 + (-46)/(-10)). Let s(d) be the second derivative of -d**4/12 - d**3/2 - d**2/2 + 8*d. Give s(o).
-1
Let z(y) = -y**3 - 4*y + 2204 - 1096 - 1103. Determine z(2).
-11
Suppose -27*m + 32*m + 45 = 0. Let z(o) = -7 + 3*o**2 - 2 - 4*o**2 - 9*o. What is z(m)?
-9
Suppose 8 = 3*g + 5*p, -2 = -2*g - p - 4*p. Let c(l) = l - 7. What is c(g)?
-1
Suppose -3*i = 2*i + 20. Let g be -2*i/(-8) + -1. Let y(f) = f**2 - 2*f - 3. Calculate y(g).
5
Let w = 26 + -48. Let s = w + 18. Let c = s + 9. Let k(p) = -p**2 + 2*p + 5. What is k(c)?
-10
Let u(x) = -x**2 - 11*x - 4. Let b = -314 + 303. What is u(b)?
-4
Let n(j) = -48 + 6 + 25 - 2*j. What is n(-11)?
5
Suppose o - 10 = 5*y - 500, -74 = -y + 5*o. Let k(j) = j**2 + y*j + 2*j**2 - j**3 - 102*j + 1. Determine k(2).
-1
Let h(m) be the second derivative of m**5/60 + m**4/3 + 7*m**3/6 - 9*m**2 + 3*m. Let f(s) be the first derivative of h(s). Calculate f(-6).
-5
Let s(o) = -o**2 - 7*o + 6. Let l be -4 - (8 - 5)*(-2)/(-2). Determine s(l).
6
Let x be (-3)/(-9) - (-20)/12. Let k(n) = n**2 + n. Determine k(x).
6
Let q(f) = 4*f**2 - f - 10*f**2 + 4*f**2 + 3*f**2 + 1. Let h = 8 - 5. Calculate q(h).
7
Let j be (-183)/27 + 7/(189/(-6)). Let g(k) = -k**2 - 7*k + 5. Determine g(j).
5
Suppose z + 18 - 12 = 0. Let u be (-1 - z)*60/(-50). Let n(m) = 4*m + 5. Determine n(u).
-19
Let u(c) = -2*c - 23. Let y be u(-13). Let i(q) = -q - 1. Let v be i(y). Let d(h) = -h + 2. What is d(v)?
6
Let q(t) = -t**3 + 18*t**2 - 15*t - 23. Let b be q(17). Let v(a) = 6 + 1 - 5 + b*a**2 - 3. Let w = 0 + -1. Give v(w).
10
Let q be (-12)/(-28) - 54/(-21). Let l(t) = -2*t**2 + 8*t - 10. Calculate l(q).
-4
Let v(n) = -8*n - 12 - 8 + 24*n. Let i(p) = 3*p - 4. Let s(d) = -11*i(d) + 2*v(d). Determine s(4).
0
Let t(q) be the third derivative of -q**8/6720 + q**7/2520 + q**6/720 + q**5/12 + 7*q**4/12 - 8*q**2. Let k(c) be the second derivative of t(c). What is k(0)?
10
Let n = -1 - 2. Let o = n + 5. Let x(d) = -2*d**2 - 8*d - 4*d**o + d**3 + 7*d + 5. What is x(6)?
-1
Let m(j) = 5*j**3 + 11*j**2 - 12*j - 33. Let f(g) = 9*g**3 + 22*g**2 - 24*g - 62. Let c(b) = -4*f(b) + 7*m(b). What is c(-12)?
17
Let j(y) = -6*y + 2 + y**2 - 2*y + 4. Let o be 2/(-10) + (15 - (-220)/(-25)). What is j(o)?
-6
Let d(y) = 15*y + 1. Let z be 1/4 - 4/((-160)/30). Calculate d(z).
16
Let o = -354 + 354. Let a(m) = -m**3 + m**2 + m - 8. Calculate a(o).
-8
Let x(n) = -11*n - 2. Let p be x(-1). Let i = 4 - p. Let h(r) = -r**3 - 4*r**2 + 5*r - 4. Calculate h(i).
-4
Let d(z) = -6*z + 15. Let v(w) = 2*w - 5. Let b(x) = -6*d(x) - 17*v(x). Determine b(5).
5
Suppose -4*r - r = 40. Let x(u) = -13*u + 12. Let w(i) = -10*i + 11. Let l(j) = 4*w(j) - 3*x(j). Give l(r).
16
Let b(y) = -y**2 - 4*y - 2. Let w(q) = q**3 - 41*q**2 - 41*q - 49. Let f be w(42). Give b(f).
-23
Suppose 5*s = 3*p - 1, 4*s = p + 2*s. Let t(a) = 3 + 22*a**2 - 8*a**2 - 2*a**2 - 9*a**2 - 4*a. Calculate t(p).
7
Let b(x) = x**3 + 30 + 3*x + 4*x**2 - 2*x - 26 - 2*x. Give b(-4).
8
Let p(b) = -5*b**3 - 7*b**2 + 4*b - 3. Let a(s) = s**3 + s**2 + 1. Suppose -4 - 16 = 5*y. Let r(f) = y*a(f) - p(f). Let v = 1 - 4. Determine r(v).
11
Suppose -2*c - 72 = -4*p + 102, -3 = c. Let w be 32/7 - (-18)/p. Let z(j) = -4*j + 5*j + 1 - w. What is z(0)?
-4
Let g(k) = -14*k + 12. Let a(h) = -5*h + 4. Let u(f) = -11*a(f) + 4*g(f). Let w be u(12). Let p be (-1 + -11)/(-4) + w. Let j(x) = x - 2. Calculate j(p).
-7
Suppose 0 = 4*z - 11 - 13. Let s = -15 + z. Let g = 2 + s. Let k(v) = -v**3 - 8*v**2 - 5*v + 8. Give k(g).
-6
Let h(o) = o**3 - 10*o**2 + 10*o - 10. Let b = 1395 + -1386. Give h(b).
-1
Let n(t) = -8*t**2 - 1 - 2 + 6*t**2 + 5*t - t + 2. Determine n(4).
-17
Let n be (2 - -3)/((-1)/4). Let j be 4*(-2)/n + 378/(-45). Let i(f) be the third derivative of -f**5/60 - f**4/4 + 3*f**3/2 - 2*f**2. Give i(j).
-7
Let x(h) = -14*h**2 - 10*h + 14*h**2 + 13 - 8 + 2*h**2. Calculate x(4).
-3
Let c(a) = a**3 + 8*a**2 + 7*a + 3. Let m be c(-7). Let d(w) = -2*w - 1. Let o(q) = -4*q - 1. Let t(z) = -4*d(z) + 3*o(z). What is t(m)?
-11
Let c(k) = -38*k + 3. Let n(s) = -41*s. Let l(h) = -c(h) + n(h). Let j = -3 - 1. Calculate l(j).
9
Let v(z) be the first derivative of z**2/2 + 13*z - 14. Determine v(-6).
7
Let p(y) = 10*y**3 + y**2. Let r(h) = h**2. Let v(j) = -8*j**2 + 5*j - 2. Let k(t) = -5*r(t) - v(t). Let u be k(3). Let a = u + -15. Determine p(a).
-9
Let d be (1 - 1)/(-3) + -48. Let i = d - -16. Let b be i/(-6) - (-8)/(-24). Let f(q) = -q**3 + 4*q**2 + 6*q + 3. What is f(b)?
8
Let d(s) = -s**3 + 2*s**2 - 3*s + 4. Let b = -236 - -240. Calculate d(b).
-40
Let x(z) be the third derivative of -z**6/120 - 11*z**5/60 - 3*z**4/4 + 3*z**3/2 - 60*z**2. What is x(-9)?
9
Let k = -432 + 425. Let l(f) = 3*f**2 + 4*f - 12. Let i(m) = 16*m**2 + 19*m - 61. Let o(h) = -2*i(h) + 11*l(h). What is o(k)?
-3
Let m(y) = -y**2 + 18*y - 17. Suppose 0 = -3*q + q - 4*r + 38, 5*q + 4*r - 89 = 0. What is m(q)?
0
Let d(r) = -r**2 - r - 4. Let z(t) = -t**3 - 8*t**2 - 7*t. Let g be 3/(-2)*(-14)/(-3). Let x be z(g). Calculate d(x).
-4
Let b(i) = i**3 - 3*i**2 - 5*i + 1. Suppose -4*y + 6 = 10. Let j be (-10)/(-2) - ((-5)/5)/y. Give b(j).
-3
Let v(j) = 10*j - 1. Let t be v(2). Let h = t + -24. Let k(q) = -q + 1. Let m(p) = 2. Let w(s) = -3*k(s) + 2*m(s). Determine w(h).
-14
Let s(i) = -i**3 + i**2 + 6. Let b(c) = -c + 8. Let a be b(7). Let w(z) = -z**3 - z + 2. Let q be w(a). Give s(q).
6
Let u(j) = -j**3 + 13*j**2 - 21*j - 12. Suppose -15 = -18*n + 183. Determine u(n).
-1
Suppose -a - 8 = a - 5*o, -a + 10 = o. Let p(d) = -4958*d - 3 + 4963*d + 1 - d**2. What is p(a)?
-8
Let f(d) = -5*d - 9. Let m be f(7). Let w be 8/(-20) + m/(-10). Let b(a) = -4*a**2 + 4 - a**2 + 6*a**2 - 2*a. Determine b(w).
12
Let u(x) = 2*x**3 - x - 1. Suppose -13*b + 80 = 54. Determine u(b).
13
Let g(y) = y**2 - 15. Let l(t) = -t**2. Let n(c) = 2*c**3 + 7*c**2 + 3*c + 2. Let s(p) = -2*l(p) - n(p). Let u be s(-2). Determine g(u).
-15
Let o be (-10)/15 + 46/6. Let v(c) be the third derivative of 4*c**2 + 1/3*c**3 - 1/24*c**4 + 0 + 0*c - 7/60*c**5 + 1/120*c**6. Determine v(o).
-5
Let j(w) = -w**2 - 4. Let m(i) = -2*i**2 + 4*i - 6. Let y(a) = j(a) - m(a). Let q = -6 - -12. Let c = -2 + q. Determine y(c).
2
Let 